35?
37
What is 5 - (-3 - (6 - 13 - -6))?
7
14 - (-33 + 36) - (0 + -3)
14
-4 - ((2 + -1 - 4) + 3)
-4
Calculate 19 - (4 + -10 - -19) - (3 + -1).
4
Calculate -5 + (-5 - (-5 - -6)).
-11
Evaluate (6 - -4 - (0 - -7)) + -4 - 7.
-8
Calculate 6 + (-13 + 18 - 15).
-4
What is -12 + (-2 + (-2 - -1) - (-131 + 125))?
-9
What is 2 - (6 + 0 - (-10 + 8))?
-6
Evaluate 2 + (55 - 72) + -1 + -5.
-21
Evaluate (56 - 16) + 0 - 24.
16
What is the value of (9 - (-20 + 19)) + -11?
-1
What is the value of 1 + (13 - (13 + -9))?
10
Calculate -44 + -50 + 32 + 23.
-39
What is 1 + (-15 - -34 - 13)?
7
Evaluate (-450 - -456) + -18 + 1.
-11
0 + (-1 + (4 - 3) - 5)
-5
What is the value of -5 + 23 - (-13 - -25)?
6
What is the value of 8 + (-1 - 1) - ((0 - -10) + -9)?
5
Calculate -17 - (-3 + -3) - (18 - 19).
-10
-5 + (-3 - (2 - (1 + 6 + -1)))
-4
-6 - ((-20 - -37) + -4)
-19
What is 31 - 53 - (-1 - 15)?
-6
Evaluate 14 + -8 + 1 + (2 - (1 + -6)).
14
What is the value of -1 + -8 + 11 + -14 + 14?
2
Evaluate -15 + (1 + 4 - (-5 + 8 + 6)).
-19
What is the value of -23 - (90 - 97 - (3 - 1))?
-14
What is the value of -47 + 31 + (3 - -8) + -3?
-8
What is 2 - 26 - (-7 + -23)?
6
Calculate 7 + -20 + -1 + -77 + 78.
-13
What is -4 - 3 - (7 - 0 - (-22 + 48))?
12
Calculate -12 - (-27 - -17) - -10.
8
What is the value of (14 - 3 - (11 + 10)) + 20?
10
What is the value of 20 + -24 + (3 - -1 - -1)?
1
What is 14 - 12 - ((6 + 1 - 1) + -10)?
6
Evaluate -5 + (9 - 9) + -2 + 25 + 4.
22
13 + -5 + 2 + -21 - -40
29
Calculate 41 - 21 - -2 - 24.
-2
What is the value of 43 - 41 - (0 + 9)?
-7
What is the value of -4 - -1 - (10 - -2 - 19 - 1)?
5
What is the value of -38 + (-34 + 60 - 15)?
-27
What is 3 - (-16 + -12 - -17) - 26?
-12
Evaluate 15 + -4 + -11 + -27.
-27
-6 + 18 + -13 + 13
12
What is (17 - 25 - -7) + 0?
-1
What is -6 + (-2 - (-8 - -16 - 24))?
8
What is 4 + 12 - (20 - (20 - -7))?
23
Evaluate -1 - 13 - -19 - (5 - (-2 + 2)).
0
Calculate -31 - (-4 - (41 + -5)).
9
Calculate 5 - 5 - -5 - (1 - (1 - 16)).
-11
-7 - (0 - (10 - 7)) - 6
-10
What is the value of 95 + -103 - (6 + 18 + -4)?
-28
What is (-1 - -4 - 6 - -7) + -4?
0
Evaluate 0 + (-33 - -10 - (-10 - -4)).
-17
What is the value of (-10 - (-4 - -3) - -6) + 4 - -1?
2
What is (3 - -1) + (-4 + 1 - 5)?
-4
Evaluate -70 - -68 - ((1 - (-1 + 5)) + -1).
2
What is 0 - -3 - (2 + 6 - 10)?
5
What is (-2 + -6 - 4) + 17 + -8 + -1?
-4
Calculate 5 - (5 + (-6 - (-4 + -5))).
-3
-9 - (1 + -9) - -16
15
What is the value of -15 + -2 + 11 + (-5 - 0 - -2)?
-9
Evaluate 17 - (35 - 20 - (-4 + 17)).
15
What is the value of -1 - (-4 - (-6 + 10 + -10))?
-3
Evaluate -2 + 3 + 5 + 1 + -23.
-16
Evaluate 8 + (1 + 20 - 17) + -4 + 2.
10
What is 6 - 1 - ((22 - 11) + 3 + -1)?
-8
Evaluate 30 + -12 + -3 + 2 + -3.
14
Evaluate (-2 - 11) + 9 + 11.
7
What is the value of 20 - (18 + -6) - 14?
-6
Calculate -25 + (-20 - -53 - 2) - (-13 + 1).
18
What is (-3 - 2 - 3) + 7 + -8?
-9
17 + 1 + (54 - 60 - (0 - 1))
13
Evaluate 22 + (-20 - -8) + 3 + -4.
9
Evaluate 5 + -6 + (-12 - -2) + 15.
4
Evaluate 7 + (-11 + 25 - 9) + 1.
13
What is 25 + (2 + -20 - (5 + -11))?
13
Evaluate (34 - 22) + -7 - (9 - -3) - -10.
3
Calculate 1 - 8 - (-7 - -31 - 29).
-2
What is -15 - -2 - (-13 + -10 + 21)?
-11
-14 - (0 - -10 - (-45 + 53))
-16
Evaluate 15 + -4 + (8 - 4) + -3.
12
What is the value of (25 - 6 - 5) + (4 - 15)?
3
Calculate 4 - (-18 - (-10 - 5)).
7
What is the value of -5 + (1 - 1 - -4)?
-1
0 + -14 - (-35 + 71 + -57)
7
Calculate (34 - 45) + -2 + 17 + -4 - -21.
21
What is 30 - (6 + (16 - 6))?
14
Evaluate 30 - (18 - 28 - -60).
-20
Calculate -28 + (28 - -5) + -16.
-11
Calculate 0 + 0 + 0 + 0 + -4 + 1.
-3
Evaluate -12 + (-17 - (-25 - -9 - -3)).
-16
Calculate -14 - (-9 - (16 + -26) - 9).
-6
Evaluate 10 - (-9 + 27 + -4 - 8).
4
What is the value of 22 + -1 + -14 + -13?
-6
What is -1 - (-12 + (-10 + 10 - (-1 + -6)))?
4
What is the value of 8 - -12 - (26 - 14)?
8
Evaluate -14 - (-24 + 20) - (22 - -2).
-34
Evaluate (-19 - (0 - 0)) + 17 + -4.
-6
Evaluate -6 - (-37 + 81) - -21.
-29
What is (-17 - -10) + -5 - 5?
-17
What is the value of -6 + 0 + 103 + -100 - 5?
-8
What is the value of 0 + 24 + 1 + (-247 - -239)?
17
What is the value of -1 - -14 - (9 + 3 + -16 + 8)?
9
Evaluate (6 - 1) + (-72 - -78).
11
What is 2 + -2 + 4 + (2 + -14 - -1)?
-7
154 + -163 + 0 + 14
5
-11 + (11 - 2) - -4
2
What is 1 - (240 - 238 - (-13 - (1 + -2)))?
-13
What is the value of 2 - 3 - -20 - 2 - (-472 + 482)?
7
Calculate -13 + 1 - (-60 - -23 - -49).
-24
2 + -13 + -2 - -2
-11
-20 + (-23 + 17 - -9)
-17
What is the value of 4 + (-32 - (-19 - -11))?
-20
Evaluate -5 + (0 - -1) + (-9 - -8) + -1.
-6
Evaluate -136 + 135 + (-4 - (0 + 1)).
-6
Evaluate 4 + (7 - ((-11 - -10) + -3)).
15
Evaluate -17 + -9 + 25 + (2 - 0 - -16).
17
Evaluate 0 + -1 + 34 + (45 + -133 - -80).
25
Evaluate (-2 - (-1 + 1) - (-72 + 60)) + -9.
1
-24 - (45 - (95 + -32))
-6
Calculate -4 + -8 + -1 + -6 + -3 + 7.
-15
Evaluate (0 - 1) + -11 + 3 + -5 + 12.
-2
What is 14 - (6 - -21) - -19?
6
What is -35 + -12 + 11 + 12?
-24
What is (21 + -35 - 34) + 26?
-22
What is (-4 - -13 - (17 + -1)) + 0?
-7
Evaluate 1 - (3 + -3) - -9 - -5.
15
Evaluate (-35 - -35) + (-3 + 0 - -2) + -1.
-2
-4 + -12 + 7 + (4 - 4)
-9
-20 - -20 - (0 - 1 - -1)
0
Calculate (-5 - 1) + -4 + 10 + -2.
-2
What is 8 - 19 - 11 - -3 - -11?
-8
-2 - (-2 - (6 + -3))
3
Calculate (-17 - 0) + -10 + 20.
-7
What is the value of 39 - (7 + -17 - -35 - 14)?
28
What is the value of -33 - (-19 - 5) - -11?
2
Calculate (4 - -2) + (-5 + -28 - -25).
-2
What is -101 + 96 + (-2 - (2 + 1 + -14))?
4
Evaluate (21 + -8 - 12) + (0 - 7) + -4.
-10
Evaluate 2 - (1 - -10 - (6 + (-2 - 9))).
-14
Calculate -4 - (-8 - (-11 - -17)).
10
Calculate (-17 - 2) + -6 + 40.
15
-1 + 13 - (53 + -40)
-1
What is -4 - (-5 + 1) - (14 - 7)?
-7
-118 - -116 - (5 - 1)
-6
Calculate (-5 - -1) + -6 - (-17 - (7 - 10)).
4
What is (-1 - (-16 + -1)) + -166 + 176?
26
(5 - (17 + 6 + -11)) + -29
-36
What is 37 + -24 + (-4 - -9 - 3)?
15
Calculate -12 + 22 - 6 - (4 + -19).
19
What is 7 - (-14 + 18 - (3 - 2 - -2))?
6
What is the value of -5 + -5 + (-10 - 0)?
-20
What is the value of -8 + 2 + (-1 - 8) - -9?
-6
Evaluate -1 + -8 - (1 - (-15 - -10)).
-15
Calculate 6 + (-10 - -3 - (-8 - (-5 + 4))).
6
Calculate 5 - (-14 + -7 - -17).
9
What is 54 + -85 + 8 + 0 + 1 + 1?
-21
What is the value of 15 - (-19 - -15 - (-2 - (2 - 4)))?
19
Evaluate 6 + -7 + 4 - 7 - (2 + -2).
-4
Evaluate (-14 - -34) + -25 - (0 + 1 + -4).
-2
Evaluate -1 + 3 + 21 + (-41 - -26) + -6.
2
8 - (14 + (-9 - 1))
4
(-26 - ((3 - 6) + 3)) + (14 - 15)
-27
Evaluate -26 + 29 + -35 + 18.
-14
What is the value of (-10 - -38) + -20 - (-3 + -1)?
12
What is (-67 - -30) + 13 - -45?
21
What is (-1 - (-2 + 6) - 4 - -13) + 13?
17
Calculate -6 - (38 + -2 + -61).
19
Evaluate (21 - (47 - 33)) + (-1 - -2).
8
Evaluate -15 - (29 + -14 - 31).
1
Evaluate (-8 - 7) + (-14 - (-37 - -18)).
-10
-24 + 30 + (-4 - (3 + (-2 - -2)))
-1
What is 46 - ((-4 - ((9 - 0) + -13)) + 10)?
36
6 + (9 + -3 - -10) - 9
13
Calculate 10 + (-11 - (2 + -16)) + 5.
18
Calculate 23 + 0 + -50 + 66 + -26.
13
What is (9 + -13 - -1 - -5) + -5?
-3
Evaluate 6 - (16 - (13 + -15)).
-12
Calculate (28 + -21 - 13) + -25.
-31
173 + -178 + (4 - 1) + -5 + -2
-9
Calculate -21 - (-79 + 86 - (1 - -6)).
-21
What is -18 - (1 + 0 + 29 + -33) - -3?
-12
What is -9 + (13 - -2 - (35 + -26)) - 16?
-19
What is (-5 - (-1 - -2)) + (-12 - 3 - -25)?
4
(2 - (-13 + 12)) + -20 + 10
-7
(-322 - -311) + (-2 - (1 + 2 + 2))
-18
Calculate -1 - (-11 + -4 + 13 + -4 + 1).
4
-24 - (11 + 3 + -10 + (3 - 3))
-28
What is the value of 1 + -7 + (-1 + 6 - -3 - -2)?
4
Evaluate -1 + 7 + (-465 - -473) + -6.
8
What is the value of 32 - ((27 - 28) + 10)?
23
12 + -22 + 4 - (0 - 1 - -5)
-10
Calculate 7 + (-5 - (7 - 13)) + 8.
16
What is the value of -12 - (-15 + 33 + 1 - 7)?
-24
11 + (0 - (-3 + 5))
9
(12 - (-7 - -6)) + 11 + -19
5
Calculate 130 - 127 - (-17 + (1 + 0 - 1)).
20
Calculate -8 + 10 - (0 + 2 + -5 + -4).
9
What is the value of (-12 - -1) + 14 + 1 + -27?
-23
Calculate 12 + 1 + -17 + (11 - -2 - 0).
9
Calculate (-1 - -1 - (98 + -95)) + 10.
7
What is (45 - 6) + -10 - 50?
-21
What is the value of -5 + (-5 - (-4 + (1 + 10 - 6)))?
-11
What is -3 - (37 - (19 + 29))?
8
Calculate 5 + (2 + -2 - (2 - (-8 - -13))).
8
Calculate 11 - (-24 + (32 - -1)).
2
Evaluate (-1 - 6 - -4) + 